der when p is divided by b?
2
Let i = 21 - 13. Suppose -i*x = -13*x + 225. What is the remainder when x is divided by 23?
22
Let o = -6 - -8. Suppose -3*t + o = -4. Suppose t*j - 25 = 37. What is the remainder when j is divided by 11?
9
Let p be (6 - 0) + -3 + 1. Let b = 0 + p. Let v(x) = 2*x**2 - 5*x + 1. What is the remainder when 50 is divided by v(b)?
11
Let k be 4*(-3 - (-30)/(-4)). Let n = 60 + k. What is the remainder when n is divided by 5?
3
Let l(y) = 5 + 0*y**2 - 6*y + 6*y**2 - 4*y**2. What is the remainder when l(6) is divided by 21?
20
Let h(p) = 5*p + 1. Let s(n) = -24*n - 6. Let o(y) = -11*h(y) - 2*s(y). Calculate the remainder when o(-5) is divided by 13.
10
Let r(g) = -g**2 + 11*g + 5. Calculate the remainder when 58 is divided by r(10).
13
Calculate the remainder when 99 is divided by (-5)/(-25) + (-372)/(-15).
24
Suppose 4*x = -x + 75. Suppose -5*f - 4 = -44. Calculate the remainder when x is divided by f.
7
Suppose 2*a - 3*a + 30 = 0. Let h = a - 6. Suppose 3*t - 86 = -5*n + 69, -n - 2*t = -h. Calculate the remainder when n is divided by 12.
10
Suppose -z - 7 = -5. Calculate the remainder when (-4)/(-8) - 21/z is divided by 4.
3
Let g(m) = m**2 - 5*m + 1. Let r(x) = 2*x**2 + 5*x + 3. Let p be r(-3). Suppose 1 + 2 = 3*a, -a = -4*h + 79. Calculate the remainder when h is divided by g(p).
6
Suppose 12 = 3*t - 48. Let z = t + 14. Calculate the remainder when z is divided by 18.
16
Suppose 4*m - 4 = -4*h, -3*h + 2*h = -4*m + 14. Suppose 5*a + m = 8. Calculate the remainder when (1 - 3/(-3))/2 is divided by a.
0
Let o be 2 + -3 - (-127)/1. Suppose -3*m + 0*m + z = 98, 0 = 4*m + z + o. Let y = m - -58. What is the remainder when y is divided by 14?
12
Suppose 3*n - t = 5, -5*t + 4 = -1. Suppose 3*m = -n*f + 49, -f = -2*m + f + 16. Calculate the remainder when m is divided by (-3 - (-2)/1)*-7.
6
Let o be 8/32 + (-406)/(-8). Suppose p = 13 + o. Calculate the remainder when p is divided by 17.
13
Suppose -2*b + 5*b + 51 = -v, -4*v = -12. Suppose -26 + 1 = -5*z. What is the remainder when z is divided by 48/22 - b/(-99)?
1
Let t(c) = -5*c**2 + 3*c - 5. Let n(o) = -1 + 3 + 6*o**2 + 2 - 2*o. Let f(w) = 4*n(w) + 3*t(w). Calculate the remainder when f(-1) is divided by 5.
4
Let r = 0 + 0. Let j be r/(-2 - (0 + -4)). What is the remainder when (-1)/(j - (-1)/(-36)) is divided by 19?
17
Suppose 2*o - 160 = -3*q, -146 = -2*q - 3*o - 46. Calculate the remainder when q is divided by 19.
18
Suppose 3*p + 2*g - 40 = 0, -3*p + 10 = g - 34. Calculate the remainder when 79 is divided by p.
15
Let w = 3 + -2. Suppose 3*o - 2*m + 6 = m, 5*o - 2*m = -1. Calculate the remainder when o is divided by w.
0
Suppose 0 = 5*t + 7 + 13, -3*t + 343 = 5*y. What is the remainder when y is divided by 20?
11
Suppose 5*v = 8*v - 84. What is the remainder when v is divided by 13?
2
Let r = 48 - 31. What is the remainder when 33 is divided by r?
16
Let j(l) = l**2 + 3*l**2 - 2*l**2 + 0*l**2 + 5*l**3 + 1. Calculate the remainder when j(2) is divided by 17.
15
Suppose -20 - 11 = -m + 3*t, 62 = 2*m + 5*t. Let w(y) = 1 + 0*y**2 + 3*y**2 - 7*y - y**2 - 3*y**2. Calculate the remainder when m is divided by w(-5).
9
Suppose 4*x - 4*f = -36 - 52, -f - 32 = 2*x. Let p = x - -21. Calculate the remainder when 10 is divided by p.
1
Let t be 3 - (3 - 2 - 1). Suppose 2*r + t = r. Let j = r - -6. Calculate the remainder when 8 is divided by j.
2
Suppose v - 124 = -2*v + 2*p, 3*v = -5*p + 89. Calculate the remainder when v is divided by 13.
12
Let p = -17 + 36. What is the remainder when p is divided by 5?
4
Suppose 2*j - 20 = -2*p, p + 4*j = 2*p. What is the remainder when 46 is divided by p?
6
Let f = -82 + 139. Suppose -5*r - 18 - f = 0. What is the remainder when 9 is divided by (2/6)/((-1)/r)?
4
Suppose 203 - 17 = 6*c. Calculate the remainder when c is divided by 4.
3
Suppose 0*p = 2*p + 232. Calculate the remainder when p/2*(-3)/6 is divided by 10.
9
Suppose 0 = -5*r, -5*r = -v + 6 + 70. Calculate the remainder when v is divided by 39.
37
What is the remainder when -1 + -1 + 27 + 0 is divided by ((-45)/(-25))/((-2*1)/(-10))?
7
Suppose -3*j + g - 14 = -0*g, 4*j - g = -18. Let n be (j + 0)/(1 + -3). Calculate the remainder when n*(14/4 - 0) is divided by 3.
1
Suppose 0 = 2*l - 0*l - 10. Let o(r) = 2*r - 5. Let v be o(l). Calculate the remainder when 2 is divided by v*((-36)/(-15) - 2).
0
Calculate the remainder when (4 - 20/8)/((-1)/(-2)) is divided by 3.
0
Let m(f) = -f**2 + 8*f - 3. Let s be m(7). Let l = 9 - s. Suppose -1 = d - 14. What is the remainder when d is divided by l?
3
Let p = 6 - 17. Let t = 12 - 2. What is the remainder when t is divided by (-42)/p - (-4)/22?
2
Suppose -3 + 0 = -3*j. Calculate the remainder when j*2*(5 + 7) is divided by 13.
11
Suppose 3*q - 18 = -2*i - 3*i, -4*q = 16. Let m = i + 5. Suppose 4*x - 29 + 5 = 0. Calculate the remainder when m is divided by x.
5
What is the remainder when 59 is divided by (-6)/3 + 9 + -3?
3
Suppose -2*b + 0 = 4. Suppose 2*u = 14*u - 240. What is the remainder when 39/((-1)/b*2) is divided by u?
19
Suppose -2*m + 253 = -6*m + i, 4*i + 12 = 0. Let p(z) = -2*z**2 - 5*z + 4. Let r be p(-6). Let j = r - m. What is the remainder when j is divided by 9?
8
Suppose 4*n + 5*f - 44 = 0, 3*f = -2*n - f + 16. Calculate the remainder when 30 is divided by n.
14
Suppose z + 3*g - 40 = 0, 2*g + 3*g = z - 16. Calculate the remainder when 92 is divided by z.
30
Calculate the remainder when 5 is divided by 20 + -17 - (0 - (-2 - 0)).
0
Calculate the remainder when (144/(-15))/(2/(-10)) is divided by 17.
14
What is the remainder when 59 is divided by 0 + 1 + 13/((-39)/(-90))?
28
Let n = -91 - -95. Calculate the remainder when (-3)/((-2)/4 - 0) is divided by n.
2
Suppose -3*t + 127 - 100 = 0. What is the remainder when 53 is divided by t?
8
Let s = -8 - 33. Let p = -15 - s. Let u(k) = -6*k - 3. What is the remainder when p is divided by u(-2)?
8
Suppose 0 = 4*x + 8, 4*r + 174 = -4*x - x. Let v = r - -64. Calculate the remainder when v is divided by 12.
11
Suppose 3*y = 2*y - 5. Let w = y - -50. Let l = 18 + -2. What is the remainder when w is divided by l?
13
Let i(x) = 3*x - 5 + 0*x + 0*x. Let z(n) = n**2 + 3. Calculate the remainder when z(3) is divided by i(4).
5
Suppose -6 = -5*k - 31, 4*d + 2*k = 170. Let s(l) = -l**2 + 11*l - 8. Suppose -x - 1 + 9 = 0. Calculate the remainder when d is divided by s(x).
13
Let s = -13 - -35. Suppose 2*v + 3*u - 12 = 9, 2*v + 4*u - s = 0. Calculate the remainder when 16 is divided by v.
7
Suppose 0*r = 2*r - 44. Suppose -3*w - 3*o = -84 - 39, -5*w = -5*o - 215. What is the remainder when w is divided by r?
20
Let f(n) = 4*n + 1. Suppose -t = -3*r + 3, -22 = -5*r - 3*t - t. Calculate the remainder when 16 is divided by f(r).
7
Let s(u) = u**2 - 3*u - 6. Let h be s(7). Suppose 5*r - h = 8. What is the remainder when 9 is divided by r?
3
Let u = -147 + 210. Let m = -25 + 47. What is the remainder when u is divided by m?
19
Let x = -3 + 38. Let t = x - 19. Calculate the remainder when 29 is divided by t.
13
Calculate the remainder when (-316)/(-32) + (-4)/(-32) is divided by 3.
1
Let j(d) = 2*d + 19. Let a = -15 + 69. Calculate the remainder when a is divided by j(0).
16
Let x(j) = j**3 - 7*j**2 + 6*j + 7. Calculate the remainder when 13 is divided by x(6).
6
Let f = 58 + -49. What is the remainder when f is divided by 3?
0
Let u = -2 + 7. Suppose -u*y = -2*a + 5*a - 49, 4*y = -5*a + 60. Let o = -30 - -52. Calculate the remainder when o is divided by a.
6
Let k(u) = 4*u - 1. Calculate the remainder when (3*4/(-30))/((-1)/65) is divided by k(2).
5
Let v be 1/(3*3/90). Suppose -y + v = -3. Suppose 3*u - 2*l - 1 = 71, 4*u - 96 = -3*l. Calculate the remainder when u is divided by y.
11
Let w be (-52)/(-6) - (-3)/9. What is the remainder when 201/w + (-2)/(-3) is divided by 12?
11
Let r = 8 - 12. Suppose -3*j + 40 = -38. What is the remainder when j is divided by 7/(-2)*16/r?
12
Let z(n) = n**3 + 2*n**2 + n - 2. Let f be z(-2). Suppose 0 = l - 3*g - 18, -2*l + 2 + 4 = 4*g. What is the remainder when f/6 + (-150)/(-9) is divided by l?
7
Suppose 3*a + r - 1 - 15 = 0, 0 = -4*a - 4*r + 24. Suppose 0 = -a*v - 25, -2*l - 3*v + v = -46. What is the remainder when l is divided by 30/(-4)*2/(-1)?
13
Let a(u) = -7*u -